8533076 and 5148?
572
Calculate the greatest common factor of 108641832 and 780.
156
What is the greatest common factor of 64421420 and 4372?
4372
Calculate the greatest common factor of 185 and 14717120.
185
What is the greatest common divisor of 675 and 1580650?
25
Calculate the highest common factor of 399 and 1059953.
19
Calculate the highest common divisor of 4563 and 45090.
27
What is the highest common factor of 502 and 19158579?
251
Calculate the greatest common factor of 27 and 66158055.
9
What is the highest common factor of 4796220 and 12740?
260
Calculate the highest common divisor of 1101386 and 26312.
286
Calculate the greatest common divisor of 71 and 182340496.
71
What is the highest common divisor of 369 and 8822421?
369
What is the highest common factor of 79158 and 2903250?
474
Calculate the greatest common divisor of 1104 and 484265.
23
What is the greatest common divisor of 3364 and 1826562854?
1682
Calculate the highest common factor of 1446483 and 28968.
213
Calculate the greatest common divisor of 322 and 138457102.
322
Calculate the greatest common factor of 25092252 and 17892.
2556
Calculate the highest common divisor of 61392 and 3180.
12
Calculate the highest common divisor of 1356 and 28556.
4
Calculate the greatest common divisor of 1470 and 535780.
70
Calculate the greatest common divisor of 5598 and 1208546.
622
What is the highest common factor of 417 and 125777764?
139
What is the highest common factor of 251005 and 1785?
85
Calculate the highest common divisor of 6881966 and 546.
182
Calculate the highest common factor of 2182500 and 59625.
1125
What is the highest common divisor of 12339 and 76965198?
1371
What is the highest common divisor of 77 and 2600521?
77
What is the greatest common divisor of 3528 and 17073756?
1764
Calculate the greatest common divisor of 54457 and 735631.
923
Calculate the highest common factor of 2628931 and 2924.
17
What is the highest common factor of 4523040 and 3744?
288
Calculate the greatest common factor of 3797358 and 4012.
2006
What is the highest common divisor of 40838 and 12054?
14
Calculate the highest common factor of 904 and 2074616.
8
What is the greatest common factor of 360 and 13126440?
120
What is the greatest common divisor of 22 and 78029138?
22
Calculate the greatest common divisor of 653415 and 28371.
147
Calculate the greatest common factor of 88408 and 1582.
2
Calculate the greatest common factor of 84 and 551808978.
42
Calculate the highest common factor of 166703856 and 84.
12
Calculate the greatest common factor of 12690501 and 109613.
2237
Calculate the greatest common factor of 16074 and 233643.
57
What is the highest common divisor of 1381064 and 8?
8
What is the highest common factor of 43170177 and 9528?
1191
Calculate the highest common divisor of 386631 and 372708.
1071
Calculate the highest common divisor of 886 and 92327402.
886
Calculate the highest common divisor of 28285428 and 12.
12
Calculate the greatest common factor of 11991 and 31430.
7
What is the greatest common factor of 816 and 694128?
48
What is the greatest common divisor of 11030810 and 296?
74
What is the highest common divisor of 904 and 76941926?
226
What is the greatest common divisor of 4 and 65326964?
4
What is the greatest common divisor of 17113 and 2748128?
157
What is the greatest common factor of 9945022 and 26772?
194
Calculate the greatest common divisor of 245 and 456569456.
49
What is the greatest common factor of 372840 and 28920?
120
What is the greatest common divisor of 227839474 and 2143?
2143
Calculate the highest common factor of 5974 and 2773023268.
5974
What is the highest common divisor of 20 and 442246920?
20
Calculate the highest common factor of 6340365 and 270.
45
What is the greatest common divisor of 24152360 and 400?
40
Calculate the highest common factor of 21625368 and 3444.
492
Calculate the greatest common factor of 24009 and 61374.
159
What is the greatest common divisor of 3064 and 421249061?
383
What is the highest common divisor of 114506 and 20902?
14
What is the greatest common divisor of 556884 and 1497?
1497
What is the highest common divisor of 154 and 36059282?
14
Calculate the highest common divisor of 7776 and 1029024.
2592
What is the greatest common factor of 23644575 and 405?
135
What is the greatest common divisor of 10 and 34319290?
10
Calculate the greatest common factor of 5002 and 770012882.
5002
What is the highest common factor of 25798697 and 10947?
89
Calculate the highest common divisor of 3248 and 21219996.
812
What is the greatest common divisor of 8278547 and 304177?
8221
What is the greatest common divisor of 10539405 and 3910?
1955
What is the highest common factor of 5937 and 226609353?
5937
Calculate the highest common factor of 1060224 and 53328.
528
What is the highest common factor of 35709813 and 4194?
2097
What is the greatest common divisor of 925 and 70181150?
25
What is the highest common factor of 1023 and 2463571?
11
What is the greatest common divisor of 533092 and 73612?
28
What is the highest common divisor of 3128 and 3949100?
1564
Calculate the greatest common divisor of 85 and 842817245.
85
What is the highest common divisor of 4170 and 2904822?
834
What is the highest common factor of 856184 and 16?
8
Calculate the highest common factor of 956021 and 3146.
121
Calculate the highest common factor of 7473375 and 8505.
315
What is the highest common factor of 562 and 60?
2
What is the greatest common divisor of 112 and 13382368?
16
What is the highest common divisor of 107557 and 12456559?
1823
Calculate the highest common factor of 1026 and 25195995.
513
Calculate the highest common divisor of 520 and 88352420.
260
Calculate the highest common divisor of 1559592113 and 3193.
3193
What is the greatest common factor of 663642 and 436338?
126
Calculate the highest common factor of 270 and 352200420.
270
What is the highest common factor of 6486 and 2111193?
3243
Calculate the highest common divisor of 124722 and 4411914.
1014
What is the greatest common factor of 62 and 308722149?
31
Calculate the greatest common divisor of 7308800 and 1024.
512
Calculate the greatest common divisor of 45584 and 502544.
112
What is the highest common divisor of 835402100 and 4?
4
What is the highest common factor of 118674 and 2774?
38
What is the highest common factor of 54023 and 123087?
89
Calculate the highest common divisor of 19610 and 9527870.
370
What is the highest common factor of 149611 and 9313?
67
Calculate the greatest common divisor of 288280706 and 812.
406
What is the highest common divisor of 666318 and 42?
6
What is the greatest common factor of 126721889 and 49?
49
What is the greatest common factor of 12300 and 3796764?
492
Calculate the greatest common divisor of 57317504 and 128.
128
Calculate the highest common factor of 68 and 590982917.
17
What is the greatest common divisor of 65 and 1400984?
13
What is the highest common factor of 17685746 and 34?
34
What is the greatest common divisor of 21182 and 1622446?
238
Calculate the greatest common factor of 22080 and 12344928.
2208
Calculate the greatest common divisor of 164333 and 767.
13
Calculate the greatest common divisor of 7497077 and 665.
133
What is the greatest common divisor of 49 and 3481891?
49
Calculate the greatest common factor of 3673736 and 968.
88
Calculate the greatest common factor of 1353445 and 15.
5
Calculate the greatest common factor of 399057035 and 104325.
6955
What is the greatest common factor of 10409 and 840?
7
Calculate the highest common divisor of 1101 and 131221217.
367
Calculate the highest common divisor of 555548 and 12.
4
What is the greatest common factor of 298800 and 35192?
664
Calculate the highest common factor of 13813492 and 29502.
3278
What is the highest common factor of 7060 and 382880?
20
What is the highest common factor of 1083868 and 652?
4
What is the highest common factor of 8092 and 55849250?
578
Calculate the greatest common divisor of 458589 and 20235.
213
Calculate the greatest common divisor of 3600272 and 26942.
38
What is the highest common factor of 21715792 and 4592?
112
What is the highest common divisor of 242969975 and 3625?
725
Calculate the greatest common divisor of 180